 what is 101110011011101100111 + 1?
101110011011101101000
In base 11, what is 17a7829 - 18?
17a7811
In base 8, what is -106410145 - -3?
-106410142
In base 13, what is -bac38 - 18a?
-bb0c5
In base 15, what is 14d8ab + -5?
14d8a6
In base 9, what is 55358834 - -3?
55358837
In base 11, what is -230 + 22196?
21a66
In base 5, what is -24 + 4411313?
4411234
In base 10, what is 319065 + 65?
319130
In base 8, what is 1622347 - 531?
1621616
In base 14, what is 141 - -3b092?
3b1d3
In base 12, what is -2 - 648886?
-648888
In base 12, what is 257 - 1166a?
-11413
In base 16, what is -20c + -1feb?
-21f7
In base 9, what is -1526 - 633248?
-634775
In base 16, what is bb216 + 6?
bb21c
In base 6, what is -21512545 + -245?
-21513234
In base 13, what is -24681 + 11c?
-24562
In base 10, what is -82 - 38701?
-38783
In base 12, what is 6b23a6b2 - 1?
6b23a6b1
In base 7, what is 0 + 26223260?
26223260
In base 6, what is -2513 + -4043?
-11000
In base 16, what is 68 + -14a97?
-14a2f
In base 5, what is -4 - -14430334132?
14430334123
In base 12, what is -30 - 13bb8ab?
-13bb91b
In base 5, what is 340320240 + 0?
340320240
In base 9, what is -25 + -343205?
-343231
In base 15, what is 26e5b20 - -5?
26e5b25
In base 14, what is -30249d9 + 5?
-30249d4
In base 10, what is -2551 + -8660?
-11211
In base 3, what is -1102002202002212 - 10?
-1102002202002222
In base 3, what is 1 + -10201101122010?
-10201101122002
In base 13, what is -1cc0 + -68a?
-267a
In base 3, what is -122001100 - -202121?
-121021202
In base 15, what is 24d9 - -23?
250c
In base 3, what is -1010 + -21210122200221?
-21210122202001
In base 9, what is 12207705 - -10?
12207715
In base 15, what is 2 + 1ec1c6?
1ec1c8
In base 14, what is -54b3d1 + -2?
-54b3d3
In base 13, what is 19aa17a + 1?
19aa17b
In base 8, what is -3 + -37565702?
-37565705
In base 10, what is 56286 - 113?
56173
In base 4, what is -211 - -302223132133?
302223131322
In base 12, what is 2971 - 389b7?
-36046
In base 5, what is -10033023224 - 2?
-10033023231
In base 3, what is -1001112111110001 + -2?
-1001112111110010
In base 8, what is -40657116 + 11?
-40657105
In base 15, what is -131beb26 + 2?
-131beb24
In base 2, what is 11001 - -110101001101011010111011?
110101001101011011010100
In base 7, what is -306 - -32642030?
32641421
In base 10, what is -623151 + 8?
-623143
In base 15, what is -3 - -1b0d8b2e?
1b0d8b2b
In base 11, what is 0 + 1101751?
1101751
In base 13, what is -131 + 3c0a?
3aa9
In base 7, what is 130 + 11163611?
11164041
In base 16, what is 3 - 50bc62?
-50bc5f
In base 16, what is -2 - 3d4f6db?
-3d4f6dd
In base 8, what is -2266603 + -546?
-2267351
In base 15, what is -1226c7 - 6?
-1226cd
In base 10, what is 340269 + -2?
340267
In base 9, what is 43 + -32272?
-32228
In base 9, what is -4082 - 6671?
-11763
In base 15, what is 12 - -20052e5?
2005307
In base 15, what is d - -1134e?
1135c
In base 9, what is 5 + -11207346?
-11207341
In base 11, what is 5 + 31a332a0?
31a332a5
In base 11, what is -8 + 180a6a1?
180a694
In base 14, what is -37 + 1a51c?
1a4c5
In base 7, what is 333 - -13160?
13523
In base 3, what is 10 - -11112020120000?
11112020120010
In base 10, what is -7927832 - 1?
-7927833
In base 12, what is -941741 - 5?
-941746
In base 3, what is 2102002201020102 + 12?
2102002201020121
In base 5, what is 22 + 111114323?
111114400
In base 4, what is 1213310232 - -1231?
1213312123
In base 6, what is -504000 - 2111?
-510111
In base 10, what is -2 - -2399691?
2399689
In base 9, what is -8220416 - -16?
-8220400
In base 13, what is -125 - -27997a?
279855
In base 4, what is -20023032113 - 0?
-20023032113
In base 8, what is 136337 - 4333?
132004
In base 10, what is 3 + -4299088?
-4299085
In base 11, what is 239 - -930365?
9305a3
In base 7, what is -23 - 14513152?
-14513205
In base 16, what is -44 - -ed98?
ed54
In base 13, what is -41b46 - -831?
-41315
In base 3, what is -2021 - -202021001200?
202020222102
In base 11, what is 391751 - 187?
391575
In base 12, what is 11 - b13b409?
-b13b3b8
In base 8, what is -610 + 221616?
221006
In base 4, what is -302 - -23003223?
23002321
In base 16, what is -7c0 + c50f?
bd4f
In base 9, what is -118671432 + -5?
-118671437
In base 8, what is 4357257 + 165?
4357444
In base 4, what is 22113322 + 13313?
22133301
In base 6, what is -1135301 + 3540?
-1131321
In base 9, what is 4 + 85641881?
85641885
In base 14, what is -261 + -116?
-377
In base 13, what is 1b137a - -89?
1b1436
In base 5, what is 1403102 + -10343?
1342204
In base 12, what is -93ab - 16?
-9405
In base 2, what is -1110010101001110110011011 + 1001?
-1110010101001110110010010
In base 15, what is 7b54b - 445?
7b106
In base 3, what is -1101000112 + 22122201?
-1001100211
In base 13, what is 1b9 - -83a3?
858c
In base 9, what is 224523 - -1154?
225677
In base 15, what is -20d40 - -5d?
-20cd2
In base 4, what is 121321213 - -3212?
121331031
In base 10, what is -1 + 15707736?
15707735
In base 12, what is -1454 - 4731?
-5b85
In base 16, what is -27345 - -8?
-2733d
In base 16, what is -6244bf - 0?
-6244bf
In base 10, what is -442277 + 806?
-441471
In base 16, what is 21 - 3c5b6?
-3c595
In base 8, what is -2364 + -131445?
-134031
In base 8, what is -57 - 463415?
-463474
In base 11, what is -4 - 2a21766?
-2a2176a
In base 14, what is 2b + 2c674a8?
2c674d5
In base 9, what is -247522 - -22?
-247500
In base 9, what is -3 - 11357227?
-11357231
In base 7, what is 10141 + 34301?
44442
In base 12, what is -109b - 11354?
-12433
In base 14, what is -3b53b + -33?
-3b570
In base 8, what is -326 - 466366?
-466714
In base 11, what is 4 + 21338305?
21338309
In base 16, what is -21 + a7f481?
a7f460
In base 6, what is 4044150 - -1402?
4045552
In base 12, what is 152 + 1bb3?
2145
In base 10, what is 1286 - -22326?
23612
In base 13, what is -bb1 - 2ca7?
-3b88
In base 15, what is 15d2 + aab?
218d
In base 9, what is 231286 + 23?
231320
In base 11, what is 35 + 833033?
833068
In base 12, what is 5795a1 - -1?
5795a2
In base 11, what is -a8 + 1123271?
1123174
In base 10, what is -8 - -172441?
172433
In base 4, what is 1110322100 + 101?
1110322201
In base 4, what is 111 + -11312031?
-11311320
In base 10, what is 5526215 - -34?
5526249
In base 10, what is -20 - -5213890?
5213870
In base 9, what is -17528 + 254?
-17264
In base 12, what is 1b38876 - 3?
1b38873
In base 13, what is 3 - -536254?
536257
In base 15, what is -7 - 5b986c?
-5b9874
In base 9, what is 1086 + -6127?
-5031
In base 10, what is 8124583 - -1?
8124584
In base 6, what is 244531105 + -5?
244531100
In base 10, what is 6 - 1928813?
-1928807
In base 6, what is 1112002 + 355?
1112401
In base 11, what is a1840 - -24?
a1864
In base 11, what is -7a226 - -214?
-7a012
In base 12, what is -758 - 6011?
-6769
In base 5, what is 401320010 + 10?
401320020
In base 6, what is 113442 + 253432?
411314
In base 11, what is 1033 - -19869?
1a8a1
In base 16, what is 56f9 - 2721?
2fd8
In base 3, what is 11022222 - -10010021210?
10021121202
In base 15, what is -99024 - -2?
-99022
In base 9, what is 3 + 102125244?
102125247
In base 15, what is 21a + 6a28?
6c43
In base 14, what is 10 - 98d048?
-98d038
In base 11, what is -3 + -7a080a?
-7a0812
In base 10, what is 167485 - 282?
167203
In base 14, what is 2 - 2a22a1?
-2a229d
In base 2, what is -110 + -1010011000000110110110?
-1010011000000110111100
In base 16, what is 340 + -79c36?
-798f6
In base 12, what is -213b + 9bba?
7a7b
In base 10, what is -2500320 + 2?
-2500318
In base 2, what is 101 + 1111011010011010101111111101?
1111011010011010110000000010
In base 2, what is 1011101001 + -1100100110001100?
-1100011010100011
In base 12, what is 17116 + -6?
17110
In base 2, what is 10 - -100111001110010100100100000?
100111001110010100100100010
In base 4, what is -31 + 3003033?
3003002
In base 6, what is 522534 - -3?
522541
In base 15, what is -15 + -1ed653?
-1ed668
In base 14, what is 95a0 - 807?
8b97
In base 12, what is -15 - -2133b8?
2133a3
In base 4, what is -23 - -1322233323?
1322233300
In base 11, what is -30582512 - 5?
-30582517
In base 16, what is 6 + 56a901?
56a907
In base 11, what is -790353 - 34?
-790387
In base 4, what is 12322201132 - -322?
12322202120
In base 3, what is 1020000121102201 - -22?
1020000121110000
In base 7, what is 1554 + -33230?
-31343
In base 11, what is 3531854 + 28?
3531881
In base 5, what is